{"id":3,"date":"2023-07-20T12:00:53","date_gmt":"2023-07-20T10:00:53","guid":{"rendered":"https:\/\/dev.uniq-zuma.com\/?page_id=3"},"modified":"2023-08-29T15:16:48","modified_gmt":"2023-08-29T13:16:48","slug":"ochrana-osobnych-udajov","status":"publish","type":"page","link":"https:\/\/uniq-zuma.com\/cz\/ochrana-osobnych-udajov\/","title":{"rendered":"Ochrana osobn\u00edch \u00fadaj\u016f"},"content":{"rendered":"<h1 class=\"wp-block-heading has-text-align-center\">Ochrana osobn\u00edch \u00fadaj\u016f<\/h1>\n\n\n\n<p> <br><\/p>\n\n\n\n<p>Ochrana osobn\u00edch \u00fadaj\u016f je ve spole\u010dnosti UNIQ, s.r.o. (d\u00e1le jen \u201eprovozovatel\u201c) zaji\u0161t\u011bn\u00e1 v souladu s po\u017eadavky Na\u0159\u00edzen\u00ed Evropsk\u00e9ho parlamentu a Rady (EU) 2016\/679 ze dne 27. dubna 2016 o ochran\u011b fyzick\u00fdch osob p\u0159i zpracov\u00e1n\u00ed osobn\u00edch \u00fadaj\u016f ao voln\u00e9m pohybu takov\u00fdch \u00fadaj\u016f, kter\u00fdm se ru\u0161\u00ed sm\u011brnice 95\/46\/ ES (obecn\u00e9 na\u0159\u00edzen\u00ed o ochran\u011b \u00fadaj\u016f) (d\u00e1le jen \u201eNa\u0159\u00edzen\u00ed\u201c) a z\u00e1kona 18\/2018 Sb. o ochran\u011b osobn\u00edch \u00fadaj\u016f ao zm\u011bn\u011b a dopln\u011bn\u00ed n\u011bkter\u00fdch z\u00e1kon\u016f (d\u00e1le jen \u201eZ\u00e1kon\u201c).<\/p>\n\n\n\n<p><strong>Pr\u00e1va subjekt\u016f \u00fadaj\u016f<\/strong><\/p>\n\n\n\n<p>Dot\u010den\u00e1 osoba m\u00e1, bez ohledu na pr\u00e1vn\u00ed z\u00e1klad zpracov\u00e1n\u00ed osobn\u00edch \u00fadaj\u016f, pr\u00e1vo na p\u0159\u00edstup k osobn\u00edm \u00fadaj\u016fm, pr\u00e1vo na jejich opravu, vymaz\u00e1n\u00ed, omezen\u00ed zpracov\u00e1n\u00ed a pr\u00e1vo podat st\u00ed\u017enost Kontroln\u00edmu \u00fa\u0159adu, kter\u00fdm je \u00da\u0159ad na ochranu osobn\u00edch \u00fadaj\u016f \u010cesk\u00e9 republiky, nebo pr\u00e1vo podat n\u00e1vrh k zah\u00e1jen\u00ed \u0159\u00edzen\u00ed o ochran\u011b osobn\u00edch \u00fadaj\u016f.<\/p>\n\n\n\n<p><strong>Pln\u011bn\u00ed informa\u010dn\u00ed povinnosti v\u016f\u010di dot\u010den\u00fdm osob\u00e1m<\/strong><\/p>\n\n\n\n<p>Z\u00e1sady spravedliv\u00e9ho a transparentn\u00edho zpracov\u00e1n\u00ed osobn\u00edch \u00fadaj\u016f vy\u017eaduj\u00ed, aby doty\u010dn\u00e1 osoba byla informov\u00e1na o existenci zpracovatelsk\u00e9 operace a jej\u00edch \u00fa\u010delech.<\/p>\n\n\n\n<p>Informace souvisej\u00edc\u00ed se zpracov\u00e1n\u00edm osobn\u00edch \u00fadaj\u016f t\u00fdkaj\u00edc\u00edch se doty\u010dn\u00e9 osoby provozovatel doty\u010dn\u00e9 osob\u011b poskytuje v dob\u011b z\u00edsk\u00e1v\u00e1n\u00ed osobn\u00edch \u00fadaj\u016f od doty\u010dn\u00e9 osoby, nebo pokud byly osobn\u00ed \u00fadaje z\u00edsk\u00e1ny z jin\u00e9ho zdroje, v p\u0159im\u011b\u0159en\u00e9 lh\u016ft\u011b po z\u00edsk\u00e1n\u00ed osobn\u00edch \u00fadaj\u016f v souladu s Na\u0159\u00edzen\u00edm a Z\u00e1konem o ochran\u011b osobn\u00edch \u00fadaj\u016f .<\/p>\n\n\n\n<p>E-mailov\u00fd kontakt:\u00a0<a href=\"mailto:info@uniq-zuma.com\"><strong>info@uniq-zuma.com<\/strong><\/a><\/p>","protected":false},"excerpt":{"rendered":"<p>Ochrana osobn\u00fdch \u00fadajov Ochrana osobn\u00fdch \u00fadajov je v spolo\u010dnosti UNIQ, s.r.o. (\u010falej len \u201eprev\u00e1dzkovate\u013e\u201c) zabezpe\u010den\u00e1 v s\u00falade s po\u017eiadavkami Nariadenia Eur\u00f3pskeho parlamentu a Rady (E\u00da) 2016\/679 z 27. apr\u00edla 2016 o ochrane fyzick\u00fdch os\u00f4b pri sprac\u00favan\u00ed osobn\u00fdch \u00fadajov a o vo\u013enom pohybe tak\u00fdchto \u00fadajov, ktor\u00fdm sa ru\u0161\u00ed smernica 95\/46\/ES (v\u0161eobecn\u00e9 nariadenie o ochrane \u00fadajov) (\u010falej [&hellip;]<\/p>","protected":false},"author":1,"featured_media":0,"parent":0,"menu_order":0,"comment_status":"closed","ping_status":"open","template":"","meta":{"footnotes":""},"class_list":["post-3","page","type-page","status-publish","hentry"],"acf":[],"_links":{"self":[{"href":"https:\/\/uniq-zuma.com\/cz\/wp-json\/wp\/v2\/pages\/3","targetHints":{"allow":["GET"]}}],"collection":[{"href":"https:\/\/uniq-zuma.com\/cz\/wp-json\/wp\/v2\/pages"}],"about":[{"href":"https:\/\/uniq-zuma.com\/cz\/wp-json\/wp\/v2\/types\/page"}],"author":[{"embeddable":true,"href":"https:\/\/uniq-zuma.com\/cz\/wp-json\/wp\/v2\/users\/1"}],"replies":[{"embeddable":true,"href":"https:\/\/uniq-zuma.com\/cz\/wp-json\/wp\/v2\/comments?post=3"}],"version-history":[{"count":7,"href":"https:\/\/uniq-zuma.com\/cz\/wp-json\/wp\/v2\/pages\/3\/revisions"}],"predecessor-version":[{"id":369,"href":"https:\/\/uniq-zuma.com\/cz\/wp-json\/wp\/v2\/pages\/3\/revisions\/369"}],"wp:attachment":[{"href":"https:\/\/uniq-zuma.com\/cz\/wp-json\/wp\/v2\/media?parent=3"}],"curies":[{"name":"wp","href":"https:\/\/api.w.org\/{rel}","templated":true}]}}

Ochrana osobních údajů

<h1 class="wp-block-heading has-text-align-center">Ochrana osobních údajů</h1>



<p> <br></p>



<p>Ochrana osobních údajů je ve společnosti UNIQ, s.r.o. (dále jen „provozovatel“) zajištěná v souladu s požadavky Nařízení Evropského parlamentu a Rady (EU) 2016/679 ze dne 27. dubna 2016 o ochraně fyzických osob při zpracování osobních údajů ao volném pohybu takových údajů, kterým se ruší směrnice 95/46/ ES (obecné nařízení o ochraně údajů) (dále jen „Nařízení“) a zákona 18/2018 Sb. o ochraně osobních údajů ao změně a doplnění některých zákonů (dále jen „Zákon“).</p>



<p><strong>Práva subjektů údajů</strong></p>



<p>Dotčená osoba má, bez ohledu na právní základ zpracování osobních údajů, právo na přístup k osobním údajům, právo na jejich opravu, vymazání, omezení zpracování a právo podat stížnost Kontrolnímu úřadu, kterým je Úřad na ochranu osobních údajů České republiky, nebo právo podat návrh k zahájení řízení o ochraně osobních údajů.</p>



<p><strong>Plnění informační povinnosti vůči dotčeným osobám</strong></p>



<p>Zásady spravedlivého a transparentního zpracování osobních údajů vyžadují, aby dotyčná osoba byla informována o existenci zpracovatelské operace a jejích účelech.</p>



<p>Informace související se zpracováním osobních údajů týkajících se dotyčné osoby provozovatel dotyčné osobě poskytuje v době získávání osobních údajů od dotyčné osoby, nebo pokud byly osobní údaje získány z jiného zdroje, v přiměřené lhůtě po získání osobních údajů v souladu s Nařízením a Zákonem o ochraně osobních údajů .</p>



<p>E-mailový kontakt: <a href="mailto:info@uniq-zuma.com"><strong>info@uniq-zuma.com</strong></a></p>

<p>Ochrana osobných údajov Ochrana osobných údajov je v spoločnosti UNIQ, s.r.o. (ďalej len „prevádzkovateľ“) zabezpečená v súlade s požiadavkami Nariadenia Európskeho parlamentu a Rady (EÚ) 2016/679 z 27. apríla 2016 o ochrane fyzických osôb pri spracúvaní osobných údajov a o voľnom pohybe takýchto údajov, ktorým sa ruší smernica 95/46/ES (všeobecné nariadenie o ochrane údajov) (ďalej [&hellip;]</p>
